 (base 8) in base 11?
-719a60
261717 (base 8) to base 15
1bec7
What is -1696094 (base 10) in base 6?
-100204142
Convert 4735168 (base 10) to base 2.
10010000100000011000000
-3a7328 (base 12) to base 3
-1211002200012
What is -5a547b (base 13) in base 2?
-1000001101110101101110
What is -132413200 (base 5) in base 15?
-d36d5
Convert 2441200333 (base 5) to base 10.
5803218
26f16 (base 16) to base 3
22002210210
-3146651 (base 7) to base 4
-1131030302
What is 126b9 (base 15) in base 5?
3341044
What is 35a1f4 (base 16) in base 9?
6546438
3211120 (base 6) to base 12
76aa0
Convert -515117 (base 9) to base 5.
-34234143
12022010100 (base 3) to base 2
11001011110010001
What is -44475 (base 16) in base 8?
-1042165
What is -213120122 (base 4) in base 14?
-42adc
3840465 (base 9) to base 16
1ff11e
-233100031 (base 4) to base 11
-122464
Convert 1004444122 (base 5) to base 14.
3ac310
516370 (base 11) to base 15
115667
What is 3800a09 (base 12) in base 7?
162034236
What is 1010001111110110001 (base 2) in base 3?
122001121210
-7848 (base 11) to base 8
-24141
Convert 231201203 (base 4) to base 8.
554143
23d27 (base 15) to base 2
11011111010100001
What is -2113041441 (base 5) in base 4?
-100320032231
-324243243 (base 5) to base 6
-50000355
Convert -368609 (base 11) to base 3.
-1002120212201
12221012222 (base 3) to base 5
12214201
1022212121 (base 3) to base 7
136150
What is ea2411 (base 15) in base 3?
202222020021221
234160 (base 7) to base 10
42280
-1302513 (base 7) to base 4
-221100303
What is -1082221 (base 10) in base 16?
-10836d
68364 (base 10) to base 9
113700
Convert -133066 (base 9) to base 15.
-18ed9
21001200112102 (base 3) to base 12
1310055
What is 148108 (base 10) in base 7?
1154542
Convert -5627641 (base 8) to base 5.
-342111041
-12033104 (base 5) to base 14
-2c994
-11404201421 (base 5) to base 3
-221010021002012
-11000211021 (base 3) to base 5
-10014313
What is -31133010101 (base 4) in base 10?
-3535121
What is -441004054 (base 6) in base 8?
-36051702
-6734226 (base 10) to base 9
-13603553
Convert 2370a (base 13) to base 10.
64906
Convert -5770 (base 13) to base 10.
-12259
What is 43041 (base 8) in base 16?
4621
What is 6626a (base 13) in base 12?
8b066
-73201 (base 15) to base 5
-43134301
What is -10440210 (base 8) in base 11?
-12a3567
Convert 5f302 (base 16) to base 14.
a2134
-2b79 (base 16) to base 5
-324004
What is 3a2a24 (base 12) in base 2?
11101010000100111100
What is -20012201120 (base 3) in base 12?
-5a913
-21010020110 (base 3) to base 8
-421556
Convert -22299 (base 12) to base 4.
-23010111
-500445 (base 6) to base 15
-b888
Convert 5093e (base 16) to base 4.
1100210332
What is -e649dc (base 16) in base 14?
-200c0d6
What is 4de34c (base 15) in base 12?
1306546
What is -124044232 (base 5) in base 4?
-2111201122
What is 1ab8bb (base 12) in base 9?
805558
Convert -636254 (base 7) to base 15.
-229e5
What is 4023620 (base 7) in base 15?
963c5
What is 9ac7c (base 14) in base 5?
44010041
What is -1012220200002 (base 3) in base 7?
-5335514
232676 (base 10) to base 11
1498a4
Convert -2285b8 (base 12) to base 9.
-1033625
Convert -1434cc (base 13) to base 6.
-14322140
What is 110001212011 (base 3) in base 9?
401764
Convert -1001010101010000011110 (base 2) to base 12.
-99b87a
What is -303782 (base 10) in base 3?
-120102201012
What is 104153630 (base 7) in base 12?
2121a95
-3320423002 (base 5) to base 6
-414204511
44351452 (base 6) to base 12
545588
What is 4400441 (base 5) in base 9?
124037
Convert 11010001010010100000 (base 2) to base 7.
10200160
What is 216702 (base 8) in base 7?
423164
Convert 15550 (base 9) to base 15.
3256
1245bb (base 14) to base 11
3989a8
-1a49779 (base 11) to base 3
-20111110101011
Convert -211020212201 (base 3) to base 2.
-1101010111100011000
-4b287a (base 14) to base 4
-21312020230
-b6b1b1 (base 13) to base 10
-4280069
13403500 (base 6) to base 5
103424321
110022123 (base 4) to base 9
135253
What is -10111010111011110011111 (base 2) in base 5?
-3032003341
What is 2d722 (base 16) in base 9?
313308
What is -62a65 (base 14) in base 9?
-402461
3184c (base 13) to base 9
145437
What is 2412200 (base 5) in base 6?
542455
Convert 2209209 (base 13) to base 9.
21535453
Convert 2372380 (base 9) to base 4.
10322120301
-501818 (base 12) to base 6
-42421232
c53e1 (base 16) to base 14
1705d7
Convert 1000011001000100101110 (base 2) to base 4.
20121010232
-155302 (base 8) to base 6
-1111134
Convert 101004101 (base 5) to base 2.
1100011010011111000
Convert 5475133 (base 8) to base 12.
5b05b7
Convert -3022321 (base 4) to base 8.
-31271
2013200001 (base 4) to base 11
349a94
Convert -1153502020 (base 6) to base 3.
-221002112221110
What is 210410344 (base 5) in base 4?
3111002113
-18a6853 (base 11) to base 4
-30101000133
Convert -3101112 (base 7) to base 6.
-11533403
What is -c616a8 (base 13) in base 6?
-243124131
-122123300021 (base 4) to base 3
-111001001101002
Convert 9301902 (base 10) to base 7.
142031151
Convert -15161077 (base 8) to base 16.
-34e23f
-100077b (base 15) to base 16
-add53c
What is -737716 (base 10) in base 14?
-152bc0
What is 217955 (base 13) in base 6?
24520405
Convert -d2b5c (base 14) to base 6.
-14511502
What is -2574486 (base 11) in base 3?
-22101102112102
-32b478 (base 13) to base 14
-231ba7
Convert -f2b337 (base 16) to base 9.
-32832328
Convert 89108 (base 11) to base 15.
2845b
-2201301221 (base 4) to base 12
-27b575
25365511 (base 7) to base 5
1042132001
What is 802c (base 14) in base 9?
33145
What is 226bb (base 15) in base 3?
12120020112
Convert 306758 (base 9) to base 16.
2c77d
-22120121002 (base 3) to base 4
-221032001
Convert -132021122 (base 4) to base 14.
-33002
-5332253 (base 8) to base 4
-11123102223
What is -10532104 (base 6) in base 4?
-1032321220
-11314131002 (base 5) to base 8
-61565531
3378ac (base 13) to base 14
239443
133524 (base 8) to base 13
18492
Convert -2422316 (base 8) to base 6.
-22125410
Convert -6e6fc (base 16) to base 5.
-103433343
What is -10310323 (base 4) in base 9?
-30107
Convert 1a039a (base 12) to base 2.
1101111100000100110
Convert 546a0 (base 12) to base 10.
111576
Convert -581b (base 14) to base 16.
-3bd1
Convert -49738 (base 11) to base 10.
-71431
What is 575681 (base 13) in base 9?
3802388
Convert -281166 (base 11) to base 10.
-440754
What is 547698 (base 11) in base 7?
10300005
-135727 (base 9) to base 4
-110100121
-1100110011000111 (base 2) to base 11
-36428
What is 1b044a (base 12) in base 6?
14122534
Convert 73124 (base 12) to base 11.
a3096
Convert -312232301 (base 4) to base 9.
-371455
What is -2575316 (base 8) in base 9?
-1316047
What is -21423400 (base 5) in base 6?
-3553324
Convert 30c (base 16) to base 12.
550
Convert -2312130124 (base 5) to base 13.
-10ca611
What is 13706520 (base 8) in base 7?
35326423
Convert -22308 (base 10) to base 11.
-15840
What is -6d4684 (base 16) in base 11?
-4051583
-1001000110001101100111 (base 2) to base 8
-11061547
What is -21102011002200 (base 3) in base 14?
-7479d2
-9dda9 (base 14) to base 3
-201111220102
What is -21332014 (base 5) in base 11?
-115863
132233 (base 8) to base 4
23102123
-17b2830 (base 13) to base 15
-a300cb
Convert 1110101111100101111 (base 2) to base 7.
4051340
85294 (base 12) to base 8
525520
What is -275180 (base 9) in base 13?
-5b506
-101000110101000000100010 (base 2) to base 12
-370196a
What is 1bba865 (base 12) in base 10?
5969741
Convert 110100111111001 (base 2) to base 5.
1332004
Convert 343243 (base 9) to base 10.
205779
What is -53274201 (base 8) in base 11?
-6465420
-100212221 (base 3) to base 2
-1110000100111
What is -1112221202202 (base 3) in base 5?
-202411123
Convert 264a13b (base 13) to base 9.
24546301
Convert 20a6be (base 16) to base 6.
113510354
-3232210312 (base 4) to base 3
-1211122110211
What is 212021012001 (base 3) in base 14?
bcc68
10165160 (base 7) to base 15
11dbe2
Convert 144064244 (base 7) to base 3.
122221221221012
What is -368980 (base 14) in base 7?
-21606320
What is 11203553 (base 6) in base 10?
343005
4645412 (base 8) to base 4
10310230022
-3241511 (base 6) to base 7
-1240462
What is 13354314 (base 6) in base 9?
756211
What is 3441502 (base 6) in base 8?
531016
Convert -4140352 (base 10) to base 5.
-2024442402
-317aef (base 16) to base 2
-1100010111101011101111
What is -10233013023 (base 4)